{"id":2,"date":"2016-09-10T06:56:52","date_gmt":"2016-09-10T06:56:52","guid":{"rendered":"http:\/\/www.csavarhaz.hu\/?page_id=2"},"modified":"2023-03-02T21:22:02","modified_gmt":"2023-03-02T19:22:02","slug":"ez-egy-minta-oldal","status":"publish","type":"page","link":"https:\/\/www.csavarhaz.hu\/","title":{"rendered":"C\u00e9g\u00fcnkr\u0151l"},"content":{"rendered":"<div class=\"ezcol ezcol-one-half\">\n<p style=\"text-align: justify;\">2012-ben ny\u00edlt meg csavarboltunk a mostani hely\u00e9n Kazincbarcik\u00e1n, a volt strand mellett az Eldor\u00e1d\u00f3 \u00e9tterem m\u00f6g\u00f6tti udvarban. Els\u0151sorban k\u00f6t\u0151elemek forgalmaz\u00e1s\u00e1val foglalkozunk. Term\u00e9kk\u00f6r\u00fcnkkel igyeksz\u00fcnk c\u00e9ges \u00e9s lakoss\u00e1gi \u00fcgyfeleink ig\u00e9nyeit kiel\u00e9g\u00edteni. \u00a0Udvarias kiszolg\u00e1l\u00e1ssal bar\u00e1ts\u00e1gos k\u00f6rnyezetben, sz\u00fcks\u00e9g eset\u00e9n szakmai tan\u00e1csokkal v\u00e1rjuk, megl\u00e9v\u0151 \u00e9s \u00faj v\u00e1s\u00e1rl\u00f3inkat.<\/p>\n<p>Rakt\u00e1ron nem tal\u00e1lhat\u00f3 term\u00e9keket r\u00f6vid hat\u00e1rid\u0151vel beszerezz\u00fck.<\/p>\n<\/div> <div class=\"ezcol ezcol-one-half ezcol-last\"><a href=\"http:\/\/www.csavarhaz.hu\/wp-content\/uploads\/2016\/11\/csavar-h\u00e1z-\u00faj.jpg\"><img decoding=\"async\" loading=\"lazy\" class=\"alignnone size-medium wp-image-96\" src=\"http:\/\/www.csavarhaz.hu\/wp-content\/uploads\/2016\/11\/csavar-h\u00e1z-\u00faj-300x250.jpg\" alt=\"csavar-h\u00e1z \u00faj\" width=\"300\" height=\"250\" srcset=\"https:\/\/www.csavarhaz.hu\/wp-content\/uploads\/2016\/11\/csavar-h\u00e1z-\u00faj-300x250.jpg 300w, https:\/\/www.csavarhaz.hu\/wp-content\/uploads\/2016\/11\/csavar-h\u00e1z-\u00faj.jpg 878w\" sizes=\"(max-width: 300px) 100vw, 300px\" \/><\/a><\/p>\n<\/div><div class=\"ezcol-divider\"><\/div><br \/>\n<div class=\"ezcol ezcol-one-half\"><\/div><\/p>\n<p><strong>Csavarh\u00e1z\u00a0 Kazincbarcika<\/strong><\/p>\n<h4>Nyitvatart\u00e1s:<\/h4>\n<ul>\n<li>H\u00e9tf\u0151 \u2013 p\u00e9ntek: \u00a0\u00a0 08 &#8211; 16.<\/li>\n<li>Szombat: \u00a0 \u00a0 \u00a0 \u00a0 \u00a0 \u00a0 \u00a0 \u00a0 09 &#8211; 12.<\/li>\n<\/ul>\n","protected":false},"excerpt":{"rendered":"<p>Csavarh\u00e1z\u00a0 Kazincbarcika Nyitvatart\u00e1s: H\u00e9tf\u0151 \u2013 p\u00e9ntek: \u00a0\u00a0 08 &#8211; 16. Szombat: \u00a0 \u00a0 \u00a0 \u00a0 \u00a0 \u00a0 \u00a0 \u00a0 09 &#8211; 12.<\/p>\n","protected":false},"author":1,"featured_media":0,"parent":0,"menu_order":0,"comment_status":"closed","ping_status":"open","template":"","meta":[],"_links":{"self":[{"href":"https:\/\/www.csavarhaz.hu\/index.php?rest_route=\/wp\/v2\/pages\/2"}],"collection":[{"href":"https:\/\/www.csavarhaz.hu\/index.php?rest_route=\/wp\/v2\/pages"}],"about":[{"href":"https:\/\/www.csavarhaz.hu\/index.php?rest_route=\/wp\/v2\/types\/page"}],"author":[{"embeddable":true,"href":"https:\/\/www.csavarhaz.hu\/index.php?rest_route=\/wp\/v2\/users\/1"}],"replies":[{"embeddable":true,"href":"https:\/\/www.csavarhaz.hu\/index.php?rest_route=%2Fwp%2Fv2%2Fcomments&post=2"}],"version-history":[{"count":33,"href":"https:\/\/www.csavarhaz.hu\/index.php?rest_route=\/wp\/v2\/pages\/2\/revisions"}],"predecessor-version":[{"id":147,"href":"https:\/\/www.csavarhaz.hu\/index.php?rest_route=\/wp\/v2\/pages\/2\/revisions\/147"}],"wp:attachment":[{"href":"https:\/\/www.csavarhaz.hu\/index.php?rest_route=%2Fwp%2Fv2%2Fmedia&parent=2"}],"curies":[{"name":"wp","href":"https:\/\/api.w.org\/{rel}","templated":true}]}}